{"id":5526,"date":"2023-07-07T11:14:43","date_gmt":"2023-07-07T09:14:43","guid":{"rendered":"https:\/\/is-hr.de\/bildung\/kindergarten\/warum-ishrs-kindergarten-waehlen\/"},"modified":"2023-12-11T13:55:50","modified_gmt":"2023-12-11T12:55:50","slug":"warum-ishrs-kindergarten-waehlen","status":"publish","type":"page","link":"https:\/\/is-hr.de\/de\/bildung\/kindergarten\/warum-ishrs-kindergarten-waehlen\/","title":{"rendered":"Warum ISHRs Kindergarten w\u00e4hlen?"},"content":{"rendered":"<div id='max-height-home'  class='avia-fullwidth-slider main_color avia-shadow   avia-builder-el-0  el_before_av_heading  avia-builder-el-first   container_wrap fullsize'  ><div  class='avia-slideshow av-ll0l45jr-40028ca3fe5feb9e920473b8f622a174 avia-slideshow-no scaling av_slideshow_full avia-fade-slider av-slideshow-ui av-control-minimal av-slideshow-manual av-loop-once av-loop-manual-endless av-default-height-applied   avia-slideshow-1' data-slideshow-options=\"{&quot;animation&quot;:&quot;fade&quot;,&quot;autoplay&quot;:false,&quot;loop_autoplay&quot;:&quot;once&quot;,&quot;interval&quot;:5,&quot;loop_manual&quot;:&quot;manual-endless&quot;,&quot;autoplay_stopper&quot;:false,&quot;noNavigation&quot;:false,&quot;bg_slider&quot;:false,&quot;keep_padding&quot;:false,&quot;hoverpause&quot;:false,&quot;show_slide_delay&quot;:0}\"  itemprop=\"image\" itemscope=\"itemscope\" itemtype=\"https:\/\/schema.org\/ImageObject\" ><ul class='avia-slideshow-inner ' style='padding-bottom: 28.666666666667%;'><li  class='avia-slideshow-slide av-ll0l45jr-40028ca3fe5feb9e920473b8f622a174__0  slide-1 slide-odd'><div data-rel='slideshow-1' class='avia-slide-wrap '   ><img decoding=\"async\" fetchpriority=\"high\" class=\"wp-image-5357 avia-img-lazy-loading-not-5357\" src=\"https:\/\/is-hr.de\/wp-content\/uploads\/2023\/07\/Slide-0-DE-1.png\" width=\"1500\" height=\"430\" title=\"Slide #0 DE\" alt=\"\" itemprop=\"thumbnailUrl\" srcset=\"https:\/\/is-hr.de\/wp-content\/uploads\/2023\/07\/Slide-0-DE-1.png 1500w, https:\/\/is-hr.de\/wp-content\/uploads\/2023\/07\/Slide-0-DE-1-300x86.png 300w, https:\/\/is-hr.de\/wp-content\/uploads\/2023\/07\/Slide-0-DE-1-1030x295.png 1030w, https:\/\/is-hr.de\/wp-content\/uploads\/2023\/07\/Slide-0-DE-1-768x220.png 768w, https:\/\/is-hr.de\/wp-content\/uploads\/2023\/07\/Slide-0-DE-1-705x202.png 705w\" sizes=\"(max-width: 1500px) 100vw, 1500px\"><\/div><\/li><li  class='avia-slideshow-slide av-ll0l45jr-40028ca3fe5feb9e920473b8f622a174__1  slide-2 slide-even'><div data-rel='slideshow-1' class='avia-slide-wrap '   ><div class='av-slideshow-caption av-ll0l45jr-40028ca3fe5feb9e920473b8f622a174__1 caption_fullwidth caption_bottom caption_bottom_framed caption_framed'><div class=\"container caption_container\"><div class=\"slideshow_caption\"><div class=\"slideshow_inner_caption\"><div class=\"slideshow_align_caption\"><h2 class='avia-caption-title '  itemprop=\"name\" >#1: SPRACHERWERB<\/h2><div class='avia-caption-content '  itemprop=\"description\" ><p>Der fr\u00fche Erwerb von Englischkenntnissen erm\u00f6glicht den Kindern einen Vorsprung in der globalisierten Welt von heute.<\/p>\n<\/div><\/div><\/div><\/div><\/div><\/div><img decoding=\"async\" fetchpriority=\"high\" class=\"wp-image-5362 avia-img-lazy-loading-not-5362\" src=\"https:\/\/is-hr.de\/wp-content\/uploads\/2023\/07\/Slider_3.png\" width=\"1500\" height=\"430\" title=\"Slider_#3\" alt=\"\" itemprop=\"thumbnailUrl\" srcset=\"https:\/\/is-hr.de\/wp-content\/uploads\/2023\/07\/Slider_3.png 1500w, https:\/\/is-hr.de\/wp-content\/uploads\/2023\/07\/Slider_3-300x86.png 300w, https:\/\/is-hr.de\/wp-content\/uploads\/2023\/07\/Slider_3-1030x295.png 1030w, https:\/\/is-hr.de\/wp-content\/uploads\/2023\/07\/Slider_3-768x220.png 768w, https:\/\/is-hr.de\/wp-content\/uploads\/2023\/07\/Slider_3-705x202.png 705w\" sizes=\"(max-width: 1500px) 100vw, 1500px\"><\/div><\/li><li  class='avia-slideshow-slide av-ll0l45jr-40028ca3fe5feb9e920473b8f622a174__2  slide-3 slide-odd'><div data-rel='slideshow-1' class='avia-slide-wrap '   ><div class='av-slideshow-caption av-ll0l45jr-40028ca3fe5feb9e920473b8f622a174__2 caption_fullwidth caption_bottom caption_bottom_framed caption_framed'><div class=\"container caption_container\"><div class=\"slideshow_caption\"><div class=\"slideshow_inner_caption\"><div class=\"slideshow_align_caption\"><h2 class='avia-caption-title '  itemprop=\"name\" >#2: SPIELERISCHES LERNEN<\/h2><div class='avia-caption-content '  itemprop=\"description\" ><p>Bei uns k\u00f6nnen Kinder erforschen, experimentieren, entdecken und lernen phantasievoll Probleme zu l\u00f6sen.<\/p>\n<\/div><\/div><\/div><\/div><\/div><\/div><img decoding=\"async\" fetchpriority=\"high\" class=\"wp-image-5366 avia-img-lazy-loading-not-5366\" src=\"https:\/\/is-hr.de\/wp-content\/uploads\/2023\/07\/Slider_2.png\" width=\"1500\" height=\"430\" title=\"Slider_#2\" alt=\"\" itemprop=\"thumbnailUrl\" srcset=\"https:\/\/is-hr.de\/wp-content\/uploads\/2023\/07\/Slider_2.png 1500w, https:\/\/is-hr.de\/wp-content\/uploads\/2023\/07\/Slider_2-300x86.png 300w, https:\/\/is-hr.de\/wp-content\/uploads\/2023\/07\/Slider_2-1030x295.png 1030w, https:\/\/is-hr.de\/wp-content\/uploads\/2023\/07\/Slider_2-768x220.png 768w, https:\/\/is-hr.de\/wp-content\/uploads\/2023\/07\/Slider_2-705x202.png 705w\" sizes=\"(max-width: 1500px) 100vw, 1500px\"><\/div><\/li><li  class='avia-slideshow-slide av-ll0l45jr-40028ca3fe5feb9e920473b8f622a174__3  slide-4 slide-even'><div data-rel='slideshow-1' class='avia-slide-wrap '   ><div class='av-slideshow-caption av-ll0l45jr-40028ca3fe5feb9e920473b8f622a174__3 caption_fullwidth caption_bottom caption_bottom_framed caption_framed'><div class=\"container caption_container\"><div class=\"slideshow_caption\"><div class=\"slideshow_inner_caption\"><div class=\"slideshow_align_caption\"><h2 class='avia-caption-title '  itemprop=\"name\" >#3: HOCHQUALIFIZIERTE INTERNATIONALE LEHRKR\u00c4FTE<\/h2><div class='avia-caption-content '  itemprop=\"description\" ><p>Dank unserer erfahrenen Lehrkr\u00e4fte werden unsere Kinder bereits im Kindergarten gezielt gef\u00f6rdert, um ihre individuelle Entwicklung und ihr Lernen bestm\u00f6glich zu unterst\u00fctzen.<\/p>\n<\/div><\/div><\/div><\/div><\/div><\/div><img decoding=\"async\" fetchpriority=\"high\" class=\"wp-image-5364 avia-img-lazy-loading-not-5364\" src=\"https:\/\/is-hr.de\/wp-content\/uploads\/2023\/07\/Slider_1.png\" width=\"1500\" height=\"430\" title=\"Slider_#1\" alt=\"\" itemprop=\"thumbnailUrl\" srcset=\"https:\/\/is-hr.de\/wp-content\/uploads\/2023\/07\/Slider_1.png 1500w, https:\/\/is-hr.de\/wp-content\/uploads\/2023\/07\/Slider_1-300x86.png 300w, https:\/\/is-hr.de\/wp-content\/uploads\/2023\/07\/Slider_1-1030x295.png 1030w, https:\/\/is-hr.de\/wp-content\/uploads\/2023\/07\/Slider_1-768x220.png 768w, https:\/\/is-hr.de\/wp-content\/uploads\/2023\/07\/Slider_1-705x202.png 705w\" sizes=\"(max-width: 1500px) 100vw, 1500px\"><\/div><\/li><li  class='avia-slideshow-slide av-ll0l45jr-40028ca3fe5feb9e920473b8f622a174__4  slide-5 slide-odd'><div data-rel='slideshow-1' class='avia-slide-wrap '   ><div class='av-slideshow-caption av-ll0l45jr-40028ca3fe5feb9e920473b8f622a174__4 caption_fullwidth caption_bottom caption_bottom_framed caption_framed'><div class=\"container caption_container\"><div class=\"slideshow_caption\"><div class=\"slideshow_inner_caption\"><div class=\"slideshow_align_caption\"><h2 class='avia-caption-title '  itemprop=\"name\" >#4: GLOBALES VERST\u00c4NDNIS<\/h2><div class='avia-caption-content '  itemprop=\"description\" ><p>Im vielf\u00e4ltigen und interkulturellen Umfeld der ISHR werden die Perspektiven der Kinder erweitert und ihre interkulturelle Kompetenz von Anfang an gef\u00f6rdert.<\/p>\n<\/div><\/div><\/div><\/div><\/div><\/div><img decoding=\"async\" fetchpriority=\"high\" class=\"wp-image-5368 avia-img-lazy-loading-not-5368\" src=\"https:\/\/is-hr.de\/wp-content\/uploads\/2023\/07\/Slider_4.png\" width=\"1500\" height=\"430\" title=\"Slider_#4\" alt=\"\" itemprop=\"thumbnailUrl\" srcset=\"https:\/\/is-hr.de\/wp-content\/uploads\/2023\/07\/Slider_4.png 1500w, https:\/\/is-hr.de\/wp-content\/uploads\/2023\/07\/Slider_4-300x86.png 300w, https:\/\/is-hr.de\/wp-content\/uploads\/2023\/07\/Slider_4-1030x295.png 1030w, https:\/\/is-hr.de\/wp-content\/uploads\/2023\/07\/Slider_4-768x220.png 768w, https:\/\/is-hr.de\/wp-content\/uploads\/2023\/07\/Slider_4-705x202.png 705w\" sizes=\"(max-width: 1500px) 100vw, 1500px\"><\/div><\/li><li  class='avia-slideshow-slide av-ll0l45jr-40028ca3fe5feb9e920473b8f622a174__5  slide-6 slide-even'><div data-rel='slideshow-1' class='avia-slide-wrap '   ><div class='av-slideshow-caption av-ll0l45jr-40028ca3fe5feb9e920473b8f622a174__5 caption_fullwidth caption_bottom caption_bottom_framed caption_framed'><div class=\"container caption_container\"><div class=\"slideshow_caption\"><div class=\"slideshow_inner_caption\"><div class=\"slideshow_align_caption\"><h2 class='avia-caption-title '  itemprop=\"name\" >#5: TOLLE R\u00c4UMLICHKEITEN<\/h2><div class='avia-caption-content '  itemprop=\"description\" ><p>Die ISHR liegt mittem im gr\u00fcnen Herzen Hannovers und bietet wundersch\u00f6ne R\u00e4umlichkeiten mit modernen Lehrmitteln.<\/p>\n<\/div><\/div><\/div><\/div><\/div><\/div><img decoding=\"async\" fetchpriority=\"high\" class=\"wp-image-5372 avia-img-lazy-loading-not-5372\" src=\"https:\/\/is-hr.de\/wp-content\/uploads\/2023\/07\/Slider_5.png\" width=\"1500\" height=\"430\" title=\"Slider_#5\" alt=\"\" itemprop=\"thumbnailUrl\" srcset=\"https:\/\/is-hr.de\/wp-content\/uploads\/2023\/07\/Slider_5.png 1500w, https:\/\/is-hr.de\/wp-content\/uploads\/2023\/07\/Slider_5-300x86.png 300w, https:\/\/is-hr.de\/wp-content\/uploads\/2023\/07\/Slider_5-1030x295.png 1030w, https:\/\/is-hr.de\/wp-content\/uploads\/2023\/07\/Slider_5-768x220.png 768w, https:\/\/is-hr.de\/wp-content\/uploads\/2023\/07\/Slider_5-705x202.png 705w\" sizes=\"(max-width: 1500px) 100vw, 1500px\"><\/div><\/li><\/ul><div class='avia-slideshow-arrows avia-slideshow-controls' ><a href='#prev' class='prev-slide ' aria-hidden='true' data-av_icon='\ue87c' data-av_iconfont='entypo-fontello'  tabindex='-1'>Zur\u00fcck<\/a><a href='#next' class='next-slide ' aria-hidden='true' data-av_icon='\ue87d' data-av_iconfont='entypo-fontello'  tabindex='-1'>Weiter<\/a><\/div><div class='avia-slideshow-dots avia-slideshow-controls'><a href='#1' class='goto-slide active' >1<\/a><a href='#2' class='goto-slide ' >2<\/a><a href='#3' class='goto-slide ' >3<\/a><a href='#4' class='goto-slide ' >4<\/a><a href='#5' class='goto-slide ' >5<\/a><a href='#6' class='goto-slide ' >6<\/a><\/div><\/div><\/div><div id='after_full_slider_1'  class='main_color av_default_container_wrap container_wrap fullsize'  ><div class='container av-section-cont-open' ><div class='template-page content  av-content-full alpha units'><div class='post-entry post-entry-type-page post-entry-5526'><div class='entry-content-wrapper clearfix'>\n\n<style type=\"text\/css\" data-created_by=\"avia_inline_auto\" id=\"style-css-av-ljpuhdmy-49cf2ae50044aa6ba29e92fa5c86a331\">\n#top .av-special-heading.av-ljpuhdmy-49cf2ae50044aa6ba29e92fa5c86a331{\npadding-bottom:10px;\n}\nbody .av-special-heading.av-ljpuhdmy-49cf2ae50044aa6ba29e92fa5c86a331 .av-special-heading-tag .heading-char{\nfont-size:25px;\n}\n.av-special-heading.av-ljpuhdmy-49cf2ae50044aa6ba29e92fa5c86a331 .av-subheading{\nfont-size:15px;\n}\n<\/style>\n<div  class='av-special-heading av-ljpuhdmy-49cf2ae50044aa6ba29e92fa5c86a331 av-special-heading-h2  avia-builder-el-1  el_after_av_slideshow_full  el_before_av_textblock  avia-builder-el-first '><h2 class='av-special-heading-tag '  itemprop=\"headline\"  >Interesse an einer Tour?<\/h2><div class=\"special-heading-border\"><div class=\"special-heading-inner-border\"><\/div><\/div><\/div>\n<section  class='av_textblock_section av-ljpufphu-f3a70ff6bba1e6c827dcaa2378f23111 '   itemscope=\"itemscope\" itemtype=\"https:\/\/schema.org\/CreativeWork\" ><div class='avia_textblock'  itemprop=\"text\" ><p>Wir laden Sie herzlich zu einer Campusf\u00fchrung ein, um sich selbst ein Bild von unserem Kindergarten zu machen.<\/p>\n<p><br class=\"avia-permanent-lb\">Kontaktieren Sie einfach <strong>Anja Sch\u00fcnemann<\/strong>, Admissions Coordinator, um einen Termin zu vereinbaren:<\/p>\n<div>Telefon: +49 511 270 426 281<\/div>\n<div><a href=\"mailto:anja-schuenemann@is-hr.de\">anja-schuenemann@is-hr.de<\/a><\/div>\n<\/div><\/section>\n","protected":false},"excerpt":{"rendered":"","protected":false},"author":4,"featured_media":0,"parent":5524,"menu_order":0,"comment_status":"closed","ping_status":"closed","template":"","meta":{"footnotes":""},"class_list":["post-5526","page","type-page","status-publish","hentry"],"_links":{"self":[{"href":"https:\/\/is-hr.de\/de\/wp-json\/wp\/v2\/pages\/5526","targetHints":{"allow":["GET"]}}],"collection":[{"href":"https:\/\/is-hr.de\/de\/wp-json\/wp\/v2\/pages"}],"about":[{"href":"https:\/\/is-hr.de\/de\/wp-json\/wp\/v2\/types\/page"}],"author":[{"embeddable":true,"href":"https:\/\/is-hr.de\/de\/wp-json\/wp\/v2\/users\/4"}],"replies":[{"embeddable":true,"href":"https:\/\/is-hr.de\/de\/wp-json\/wp\/v2\/comments?post=5526"}],"version-history":[{"count":0,"href":"https:\/\/is-hr.de\/de\/wp-json\/wp\/v2\/pages\/5526\/revisions"}],"up":[{"embeddable":true,"href":"https:\/\/is-hr.de\/de\/wp-json\/wp\/v2\/pages\/5524"}],"wp:attachment":[{"href":"https:\/\/is-hr.de\/de\/wp-json\/wp\/v2\/media?parent=5526"}],"curies":[{"name":"wp","href":"https:\/\/api.w.org\/{rel}","templated":true}]}}

Warum ISHRs Kindergarten wählen?

<div id='max-height-home'  class='avia-fullwidth-slider main_color avia-shadow   avia-builder-el-0  el_before_av_heading  avia-builder-el-first   container_wrap fullsize'  ><div  class='avia-slideshow av-ll0l45jr-40028ca3fe5feb9e920473b8f622a174 avia-slideshow-no scaling av_slideshow_full avia-fade-slider av-slideshow-ui av-control-minimal av-slideshow-manual av-loop-once av-loop-manual-endless av-default-height-applied   avia-slideshow-1' data-slideshow-options="{&quot;animation&quot;:&quot;fade&quot;,&quot;autoplay&quot;:false,&quot;loop_autoplay&quot;:&quot;once&quot;,&quot;interval&quot;:5,&quot;loop_manual&quot;:&quot;manual-endless&quot;,&quot;autoplay_stopper&quot;:false,&quot;noNavigation&quot;:false,&quot;bg_slider&quot;:false,&quot;keep_padding&quot;:false,&quot;hoverpause&quot;:false,&quot;show_slide_delay&quot;:0}"  itemprop="image" itemscope="itemscope" itemtype="https://schema.org/ImageObject" ><ul class='avia-slideshow-inner ' style='padding-bottom: 28.666666666667%;'><li  class='avia-slideshow-slide av-ll0l45jr-40028ca3fe5feb9e920473b8f622a174__0  slide-1 slide-odd'><div data-rel='slideshow-1' class='avia-slide-wrap '   ><img decoding="async" fetchpriority="high" class="wp-image-5357 avia-img-lazy-loading-not-5357" src="https://is-hr.de/wp-content/uploads/2023/07/Slide-0-DE-1.png" width="1500" height="430" title="Slide #0 DE" alt="" itemprop="thumbnailUrl" srcset="https://is-hr.de/wp-content/uploads/2023/07/Slide-0-DE-1.png 1500w, https://is-hr.de/wp-content/uploads/2023/07/Slide-0-DE-1-300x86.png 300w, https://is-hr.de/wp-content/uploads/2023/07/Slide-0-DE-1-1030x295.png 1030w, https://is-hr.de/wp-content/uploads/2023/07/Slide-0-DE-1-768x220.png 768w, https://is-hr.de/wp-content/uploads/2023/07/Slide-0-DE-1-705x202.png 705w" sizes="(max-width: 1500px) 100vw, 1500px"></div></li><li  class='avia-slideshow-slide av-ll0l45jr-40028ca3fe5feb9e920473b8f622a174__1  slide-2 slide-even'><div data-rel='slideshow-1' class='avia-slide-wrap '   ><div class='av-slideshow-caption av-ll0l45jr-40028ca3fe5feb9e920473b8f622a174__1 caption_fullwidth caption_bottom caption_bottom_framed caption_framed'><div class="container caption_container"><div class="slideshow_caption"><div class="slideshow_inner_caption"><div class="slideshow_align_caption"><h2 class='avia-caption-title '  itemprop="name" >#1: SPRACHERWERB</h2><div class='avia-caption-content '  itemprop="description" ><p>Der frühe Erwerb von Englischkenntnissen ermöglicht den Kindern einen Vorsprung in der globalisierten Welt von heute.</p>
</div></div></div></div></div></div><img decoding="async" fetchpriority="high" class="wp-image-5362 avia-img-lazy-loading-not-5362" src="https://is-hr.de/wp-content/uploads/2023/07/Slider_3.png" width="1500" height="430" title="Slider_#3" alt="" itemprop="thumbnailUrl" srcset="https://is-hr.de/wp-content/uploads/2023/07/Slider_3.png 1500w, https://is-hr.de/wp-content/uploads/2023/07/Slider_3-300x86.png 300w, https://is-hr.de/wp-content/uploads/2023/07/Slider_3-1030x295.png 1030w, https://is-hr.de/wp-content/uploads/2023/07/Slider_3-768x220.png 768w, https://is-hr.de/wp-content/uploads/2023/07/Slider_3-705x202.png 705w" sizes="(max-width: 1500px) 100vw, 1500px"></div></li><li  class='avia-slideshow-slide av-ll0l45jr-40028ca3fe5feb9e920473b8f622a174__2  slide-3 slide-odd'><div data-rel='slideshow-1' class='avia-slide-wrap '   ><div class='av-slideshow-caption av-ll0l45jr-40028ca3fe5feb9e920473b8f622a174__2 caption_fullwidth caption_bottom caption_bottom_framed caption_framed'><div class="container caption_container"><div class="slideshow_caption"><div class="slideshow_inner_caption"><div class="slideshow_align_caption"><h2 class='avia-caption-title '  itemprop="name" >#2: SPIELERISCHES LERNEN</h2><div class='avia-caption-content '  itemprop="description" ><p>Bei uns können Kinder erforschen, experimentieren, entdecken und lernen phantasievoll Probleme zu lösen.</p>
</div></div></div></div></div></div><img decoding="async" fetchpriority="high" class="wp-image-5366 avia-img-lazy-loading-not-5366" src="https://is-hr.de/wp-content/uploads/2023/07/Slider_2.png" width="1500" height="430" title="Slider_#2" alt="" itemprop="thumbnailUrl" srcset="https://is-hr.de/wp-content/uploads/2023/07/Slider_2.png 1500w, https://is-hr.de/wp-content/uploads/2023/07/Slider_2-300x86.png 300w, https://is-hr.de/wp-content/uploads/2023/07/Slider_2-1030x295.png 1030w, https://is-hr.de/wp-content/uploads/2023/07/Slider_2-768x220.png 768w, https://is-hr.de/wp-content/uploads/2023/07/Slider_2-705x202.png 705w" sizes="(max-width: 1500px) 100vw, 1500px"></div></li><li  class='avia-slideshow-slide av-ll0l45jr-40028ca3fe5feb9e920473b8f622a174__3  slide-4 slide-even'><div data-rel='slideshow-1' class='avia-slide-wrap '   ><div class='av-slideshow-caption av-ll0l45jr-40028ca3fe5feb9e920473b8f622a174__3 caption_fullwidth caption_bottom caption_bottom_framed caption_framed'><div class="container caption_container"><div class="slideshow_caption"><div class="slideshow_inner_caption"><div class="slideshow_align_caption"><h2 class='avia-caption-title '  itemprop="name" >#3: HOCHQUALIFIZIERTE INTERNATIONALE LEHRKRÄFTE</h2><div class='avia-caption-content '  itemprop="description" ><p>Dank unserer erfahrenen Lehrkräfte werden unsere Kinder bereits im Kindergarten gezielt gefördert, um ihre individuelle Entwicklung und ihr Lernen bestmöglich zu unterstützen.</p>
</div></div></div></div></div></div><img decoding="async" fetchpriority="high" class="wp-image-5364 avia-img-lazy-loading-not-5364" src="https://is-hr.de/wp-content/uploads/2023/07/Slider_1.png" width="1500" height="430" title="Slider_#1" alt="" itemprop="thumbnailUrl" srcset="https://is-hr.de/wp-content/uploads/2023/07/Slider_1.png 1500w, https://is-hr.de/wp-content/uploads/2023/07/Slider_1-300x86.png 300w, https://is-hr.de/wp-content/uploads/2023/07/Slider_1-1030x295.png 1030w, https://is-hr.de/wp-content/uploads/2023/07/Slider_1-768x220.png 768w, https://is-hr.de/wp-content/uploads/2023/07/Slider_1-705x202.png 705w" sizes="(max-width: 1500px) 100vw, 1500px"></div></li><li  class='avia-slideshow-slide av-ll0l45jr-40028ca3fe5feb9e920473b8f622a174__4  slide-5 slide-odd'><div data-rel='slideshow-1' class='avia-slide-wrap '   ><div class='av-slideshow-caption av-ll0l45jr-40028ca3fe5feb9e920473b8f622a174__4 caption_fullwidth caption_bottom caption_bottom_framed caption_framed'><div class="container caption_container"><div class="slideshow_caption"><div class="slideshow_inner_caption"><div class="slideshow_align_caption"><h2 class='avia-caption-title '  itemprop="name" >#4: GLOBALES VERSTÄNDNIS</h2><div class='avia-caption-content '  itemprop="description" ><p>Im vielfältigen und interkulturellen Umfeld der ISHR werden die Perspektiven der Kinder erweitert und ihre interkulturelle Kompetenz von Anfang an gefördert.</p>
</div></div></div></div></div></div><img decoding="async" fetchpriority="high" class="wp-image-5368 avia-img-lazy-loading-not-5368" src="https://is-hr.de/wp-content/uploads/2023/07/Slider_4.png" width="1500" height="430" title="Slider_#4" alt="" itemprop="thumbnailUrl" srcset="https://is-hr.de/wp-content/uploads/2023/07/Slider_4.png 1500w, https://is-hr.de/wp-content/uploads/2023/07/Slider_4-300x86.png 300w, https://is-hr.de/wp-content/uploads/2023/07/Slider_4-1030x295.png 1030w, https://is-hr.de/wp-content/uploads/2023/07/Slider_4-768x220.png 768w, https://is-hr.de/wp-content/uploads/2023/07/Slider_4-705x202.png 705w" sizes="(max-width: 1500px) 100vw, 1500px"></div></li><li  class='avia-slideshow-slide av-ll0l45jr-40028ca3fe5feb9e920473b8f622a174__5  slide-6 slide-even'><div data-rel='slideshow-1' class='avia-slide-wrap '   ><div class='av-slideshow-caption av-ll0l45jr-40028ca3fe5feb9e920473b8f622a174__5 caption_fullwidth caption_bottom caption_bottom_framed caption_framed'><div class="container caption_container"><div class="slideshow_caption"><div class="slideshow_inner_caption"><div class="slideshow_align_caption"><h2 class='avia-caption-title '  itemprop="name" >#5: TOLLE RÄUMLICHKEITEN</h2><div class='avia-caption-content '  itemprop="description" ><p>Die ISHR liegt mittem im grünen Herzen Hannovers und bietet wunderschöne Räumlichkeiten mit modernen Lehrmitteln.</p>
</div></div></div></div></div></div><img decoding="async" fetchpriority="high" class="wp-image-5372 avia-img-lazy-loading-not-5372" src="https://is-hr.de/wp-content/uploads/2023/07/Slider_5.png" width="1500" height="430" title="Slider_#5" alt="" itemprop="thumbnailUrl" srcset="https://is-hr.de/wp-content/uploads/2023/07/Slider_5.png 1500w, https://is-hr.de/wp-content/uploads/2023/07/Slider_5-300x86.png 300w, https://is-hr.de/wp-content/uploads/2023/07/Slider_5-1030x295.png 1030w, https://is-hr.de/wp-content/uploads/2023/07/Slider_5-768x220.png 768w, https://is-hr.de/wp-content/uploads/2023/07/Slider_5-705x202.png 705w" sizes="(max-width: 1500px) 100vw, 1500px"></div></li></ul><div class='avia-slideshow-arrows avia-slideshow-controls' ><a href='#prev' class='prev-slide ' aria-hidden='true' data-av_icon='' data-av_iconfont='entypo-fontello'  tabindex='-1'>Zurück</a><a href='#next' class='next-slide ' aria-hidden='true' data-av_icon='' data-av_iconfont='entypo-fontello'  tabindex='-1'>Weiter</a></div><div class='avia-slideshow-dots avia-slideshow-controls'><a href='#1' class='goto-slide active' >1</a><a href='#2' class='goto-slide ' >2</a><a href='#3' class='goto-slide ' >3</a><a href='#4' class='goto-slide ' >4</a><a href='#5' class='goto-slide ' >5</a><a href='#6' class='goto-slide ' >6</a></div></div></div><div id='after_full_slider_1'  class='main_color av_default_container_wrap container_wrap fullsize'  ><div class='container av-section-cont-open' ><div class='template-page content  av-content-full alpha units'><div class='post-entry post-entry-type-page post-entry-5526'><div class='entry-content-wrapper clearfix'>

<style type="text/css" data-created_by="avia_inline_auto" id="style-css-av-ljpuhdmy-49cf2ae50044aa6ba29e92fa5c86a331">
#top .av-special-heading.av-ljpuhdmy-49cf2ae50044aa6ba29e92fa5c86a331{
padding-bottom:10px;
}
body .av-special-heading.av-ljpuhdmy-49cf2ae50044aa6ba29e92fa5c86a331 .av-special-heading-tag .heading-char{
font-size:25px;
}
.av-special-heading.av-ljpuhdmy-49cf2ae50044aa6ba29e92fa5c86a331 .av-subheading{
font-size:15px;
}
</style>
<div  class='av-special-heading av-ljpuhdmy-49cf2ae50044aa6ba29e92fa5c86a331 av-special-heading-h2  avia-builder-el-1  el_after_av_slideshow_full  el_before_av_textblock  avia-builder-el-first '><h2 class='av-special-heading-tag '  itemprop="headline"  >Interesse an einer Tour?</h2><div class="special-heading-border"><div class="special-heading-inner-border"></div></div></div>
<section  class='av_textblock_section av-ljpufphu-f3a70ff6bba1e6c827dcaa2378f23111 '   itemscope="itemscope" itemtype="https://schema.org/CreativeWork" ><div class='avia_textblock'  itemprop="text" ><p>Wir laden Sie herzlich zu einer Campusführung ein, um sich selbst ein Bild von unserem Kindergarten zu machen.</p>
<p><br class="avia-permanent-lb">Kontaktieren Sie einfach <strong>Anja Schünemann</strong>, Admissions Coordinator, um einen Termin zu vereinbaren:</p>
<div>Telefon: +49 511 270 426 281</div>
<div><a href="mailto:anja-schuenemann@is-hr.de">anja-schuenemann@is-hr.de</a></div>
</div></section>
